0110101 (base 2) to base 6.
-501
What is 5 (base 13) in base 8?
5
What is a (base 12) in base 6?
14
46 (base 7) to base 15
24
Convert -24 (base 10) to base 15.
-19
-41 (base 6) to base 2
-11001
141 (base 6) to base 5
221
Convert -10 (base 5) to base 12.
-5
-2 (base 14) to base 9
-2
What is 18 (base 16) in base 4?
120
Convert -13 (base 7) to base 5.
-20
-38 (base 11) to base 4
-221
What is 122 (base 7) in base 4?
1001
-33 (base 7) to base 3
-220
24 (base 15) to base 3
1021
Convert 273 (base 9) to base 14.
124
What is -18 (base 13) in base 14?
-17
What is -111011 (base 2) in base 7?
-113
11 (base 10) to base 7
14
Convert 60 (base 8) to base 13.
39
Convert -1 (base 16) to base 8.
-1
9 (base 10) to base 14
9
Convert 58 (base 9) to base 5.
203
2 (base 10) to base 14
2
-212 (base 3) to base 14
-19
-1 (base 10) to base 5
-1
Convert 11 (base 3) to base 13.
4
10 (base 5) to base 7
5
What is 321 (base 5) in base 4?
1112
Convert -1 (base 14) to base 8.
-1
Convert 1 (base 14) to base 16.
1
3 (base 13) to base 4
3
What is -3 (base 6) in base 5?
-3
What is 2 (base 10) in base 3?
2
-4 (base 11) to base 5
-4
-1100110 (base 2) to base 4
-1212
What is -3 (base 10) in base 13?
-3
Convert -15 (base 8) to base 12.
-11
Convert 0 (base 14) to base 3.
0
Convert -11012 (base 3) to base 8.
-161
Convert 2 (base 7) to base 14.
2
What is 1 (base 13) in base 3?
1
What is 0 (base 11) in base 4?
0
Convert -1 (base 12) to base 10.
-1
Convert 68 (base 15) to base 3.
10122
Convert 41 (base 5) to base 15.
16
Convert 1000 (base 2) to base 8.
10
What is 0 (base 9) in base 7?
0
Convert -4 (base 16) to base 8.
-4
34 (base 5) to base 14
15
56 (base 10) to base 6
132
What is 50 (base 12) in base 10?
60
What is -201 (base 5) in base 8?
-63
-32 (base 4) to base 11
-13
Convert -10 (base 11) to base 3.
-102
What is 8 (base 16) in base 3?
22
What is -2 (base 15) in base 16?
-2
What is -20 (base 8) in base 5?
-31
What is -232 (base 5) in base 15?
-47
Convert -523 (base 8) to base 9.
-416
What is 0 (base 4) in base 11?
0
What is -2 (base 8) in base 15?
-2
Convert 43 (base 10) to base 8.
53
Convert -130 (base 5) to base 2.
-101000
-10 (base 4) to base 12
-4
What is -10 (base 2) in base 8?
-2
What is -1 (base 16) in base 8?
-1
Convert 1331 (base 4) to base 11.
104
What is 35 (base 13) in base 5?
134
What is -3 (base 5) in base 8?
-3
32 (base 9) to base 2
11101
Convert 2 (base 4) to base 16.
2
-66 (base 15) to base 2
-1100000
-152 (base 8) to base 2
-1101010
Convert -5 (base 9) to base 14.
-5
What is 0 (base 16) in base 4?
0
What is 1 (base 16) in base 12?
1
Convert 33 (base 4) to base 11.
14
What is -c (base 16) in base 2?
-1100
3 (base 11) to base 9
3
What is 36 (base 16) in base 3?
2000
-47 (base 9) to base 13
-34
What is 0 (base 8) in base 5?
0
-12 (base 8) to base 4
-22
Convert 1021 (base 4) to base 14.
53
Convert -59 (base 10) to base 15.
-3e
13a (base 13) to base 15
e8
Convert 49 (base 16) to base 2.
1001001
Convert -e2 (base 15) to base 14.
-112
210 (base 4) to base 16
24
Convert a8 (base 11) to base 5.
433
-1b (base 12) to base 8
-27
What is -14 (base 6) in base 9?
-11
82 (base 9) to base 3
2202
b0 (base 16) to base 9
215
Convert 1 (base 2) to base 9.
1
Convert 22 (base 3) to base 15.
8
1014 (base 7) to base 5
2404
Convert 0 (base 15) to base 6.
0
Convert -1100 (base 2) to base 16.
-c
What is -1 (base 16) in base 2?
-1
39 (base 14) to base 4
303
Convert -326 (base 7) to base 16.
-a7
Convert 3 (base 12) to base 5.
3
Convert 2 (base 9) to base 3.
2
Convert -2 (base 16) to base 10.
-2
3 (base 10) to base 4
3
-2 (base 12) to base 7
-2
Convert 20 (base 6) to base 9.
13
What is 0 (base 10) in base 12?
0
Convert 2 (base 10) to base 11.
2
-7 (base 12) to base 11
-7
Convert 14 (base 6) to base 11.
a
-5 (base 11) to base 7
-5
-213 (base 5) to base 8
-72
What is 30 (base 4) in base 9?
13
Convert 14 (base 5) to base 16.
9
11 (base 2) to base 9
3
What is -12212 (base 3) in base 15?
-a8
What is -51 (base 9) in base 16?
-2e
20 (base 4) to base 5
13
What is -203 (base 9) in base 16?
-a5
What is -7 (base 8) in base 5?
-12
-23 (base 7) to base 10
-17
What is 20 (base 4) in base 14?
8
-34 (base 11) to base 5
-122
-41 (base 10) to base 9
-45
What is 1 (base 16) in base 2?
1
What is 11 (base 2) in base 13?
3
Convert -1234 (base 5) to base 11.
-167
Convert 3 (base 4) to base 7.
3
What is 402 (base 7) in base 2?
11000110
Convert -4 (base 15) to base 5.
-4
-36 (base 16) to base 9
-60
What is 4 (base 8) in base 4?
10
Convert -3 (base 9) to base 10.
-3
Convert -5 (base 11) to base 10.
-5
Convert -4 (base 6) to base 9.
-4
What is 2 (base 10) in base 5?
2
What is 8 (base 14) in base 11?
8
What is -16 (base 13) in base 2?
-10011
4a (base 13) to base 11
57
-10 (base 5) to base 11
-5
53 (base 15) to base 5
303
Convert 310 (base 4) to base 9.
57
-6 (base 7) to base 4
-12
7 (base 8) to base 11
7
Convert 1113 (base 6) to base 16.
105
What is 183 (base 9) in base 13?
c0
111 (base 5) to base 13
25
22 (base 9) to base 15
15
What is -30 (base 5) in base 12?
-13
Convert -2 (base 14) to base 4.
-2
What is -22 (base 11) in base 7?
-33
Convert -1011 (base 4) to base 10.
-69
Convert 3 (base 9) to base 13.
3
What is -8 (base 9) in base 10?
-8
Convert 61 (base 13) to base 10.
79
What is -49 (base 13) in base 11?
-56
Convert -110 (base 12) to base 16.
-9c
What is 0 (base 9) in base 4?
0
-10 (base 3) to base 8
-3
What is -7 (base 8) in base 2?
-111
a (base 16) to base 15
a
What is -16 (base 9) in base 6?
-23
Convert -11001 (base 2) to base 13.
-1c
a9 (base 15) to base 7
315
Convert 22 (base 14) to base 9.
33
Convert 3 (base 13) to base 10.
3
Convert -3e (base 16) to base 8.
-76
What is 7 (base 15) in base 7?
10
6 (base 13) to base 4
12
112 (base 8) to base 16
4a
What is 1 (base 9) in base 15?
1
What is -2 (base 14) in base 6?
-2
Convert 1 (base 6) to base 5.
1
Convert 341 (base 7) to base 2.
10110000
-15 (base 7) to base 9
-13
Convert -13 (base 6) to base 11.
-9
What is -4 (base 10) in base 13?
-4
Convert c (base 14) to base 15.
c
Convert 445 (base 7) to base 13.
148
What is -16 (base 11) in base 9?
-18
Convert 10 (base 2) to base 16.
2
What is -13 (base 6) in base 3?
-100
What is -20 (base 6) in base 9?
-13
5 (base 11) to base 5
10
What is b7 (base 15) in base 7?
334
What is aa (base 15) in base 3?
12221
What is 11 (base 16) in base 8?
21
Convert -7 (base 12) to base 14.
-7
1010 (base 2) to base 6
14
3 (base 7) to base 11
3
Convert -34 (base 10) to base 5.
-114
Convert 0 (base 9) to base 4.
0
What is -3b (base 15) in base 10?
-56
What is -31 (base 10) in base 9?
-34
What is 5 (base 9) in base 6?
5
Convert 6 (base 7) to base 4.
12
Convert -10001 (base 2) to base 12.
-15
Convert 2 (base 9) to base 15.
2
What is 2 (base 10) in base 8?
2
Convert 2 (base 5) to base 13.
2
Convert 12 (base 15) to base 12.
15
Convert 5e (base 16) to base 5.
334
Convert -1 (base 12) to base 11.
-1
-2 (base 5) to base 13
-2
11 (base 8) to base 2
1001
-3 (base 4) to base 10
-3
Convert -157 (base 8) to base 9.
-133
Convert 12 (base 7) to base 11.
9
13 (base 8) to base 12
b
Convert 113 (base 8) to base 15.
50
0 (base 12) to base 16
0
Convert -174 (base 8) to base 10.
-124
What is 15 (base 13) in base 16?
12
Convert -2a (base 11) to base 16.
-20
-264 (base 7) to base 10
-144
What is -7 (base 11) in base 14?
-7
What is -234 (base 6) in base 8?
-136
-2 (base 9) to base 12
-2
0 (base 12) to base 15
0
What is -4 (base 12) in base 16?
-4
What is 2 (base 12) in base 10?
2
-134 (base 7) to base 6
-202
62 (base 8) to base 7
101
Convert 1 (base 4) to base 13.
1
Convert 3 (base 5) to base 16.
3
18 (base 9) to base 14
13
-4 (base 9) to base 10
-4
131 (base 5) to base 8
51
103 (base 5) to base 3
1001
What is 36 (base 8) in base 15?
20
Convert 2 (base 16) to base 9.
2
Convert 3 (base 9) to base 16.
3
What is 106 (base 8) in base 11?
64
What is 6 (base 16) in base 14?
6
Convert -17 (base 12) to base 6.
-31
What is 0 (base 15) in base 4?
0
9 (base 16) to base 3
100
-28 (base 11) to base 15
-20
Convert -2 (base 9) to base 2.
-10
-5 (base 14) to base 16
-5
Convert 31 (base 9) to base 5.
103
Convert -122 (base 3) to base 5.
-32
What is -210 (base 3) in base 2?
-10101
Convert 2 (base 4) to base 15.
2
What is c (base 15) in base 4?
30
Convert -1112 (base 3) to base 15.
-2b
-c